ulate r(v).
-7
Let k = 27 - 26. Let g(j) be the second derivative of j**5/20 + j**4/6 - j**3/6 - 2*j. What is g(k)?
2
Let z(c) = -c**3 + 4*c**2 - 7*c + 6. Let t(u) = -u**3 + 3*u**2 - 6*u + 5. Let f(j) = -6*t(j) + 5*z(j). Determine f(-2).
-2
Let x(b) = -b**2 + 3 + 1 + 4*b + 0*b**2. Let c = 2 - 1. Let m be (c - 0)*(4 - 0). What is x(m)?
4
Let w(r) be the first derivative of 7/2*r**2 + 1 + 1/3*r**3 + 4*r. Suppose 3*q + 16 = 1. Determine w(q).
-6
Suppose 6 = -h + 14. Let g = h - 8. Let a(j) = j - 8. What is a(g)?
-8
Suppose 5*a = -6 + 21. Let y(t) = 3*t - 4. Calculate y(a).
5
Let t(o) be the second derivative of o**4/12 + 5*o**3/6 + 3*o**2/2 + 6*o. What is t(-2)?
-3
Let o = -1 + 2. Let b be ((2/2)/o)/(-1). Let k = -1 - b. Let z(j) = j**3 + j - 6. What is z(k)?
-6
Let t = 30 - -7. Let g(r) = 0*r + 36 - 2*r - t. Give g(3).
-7
Let i(w) be the third derivative of -w**5/60 + 4*w**2. What is i(1)?
-1
Suppose -4*a + 1 = -11. Suppose 0 = q - 2*q - a*r + 17, 0 = -r + 5. Let z(k) = -k**2 - k + 2. Determine z(q).
-4
Let f be 7 - (0/4)/3. Let y be (-44)/f + 2/7. Let g(u) be the second derivative of u**5/20 + u**4/2 - u**2/2 + u. What is g(y)?
-1
Let s(d) be the third derivative of -1/120*d**6 + 0*d + 1/6*d**3 - 1/15*d**5 + 0 + d**2 - 1/24*d**4. Give s(-4).
5
Let b(w) = w**2 + w + 7. Let f(a) = a - 1. Let p(x) = b(x) + 5*f(x). Give p(-4).
-6
Let r = 3 + -1. Let f = r - -1. Let v(k) = 2 + 8*k - 3*k - f. Give v(-1).
-6
Let g be 7/2 + (-2)/(-4). Let y = g + 1. Suppose -4*z - 11 = -3*z - y*t, 4*z - 28 = -4*t. Let k(s) = s**2 - 4*s. Calculate k(z).
0
Let c = 9 + -10. Let f(i) = 5*i - 5*i + 1 + 5*i. Give f(c).
-4
Suppose 4*q + q + 5 = 0. Let s(z) = -2*z**2 + 4. Let h(w) be the first derivative of w + 1. Let g(v) = q*s(v) + 3*h(v). Determine g(2).
7
Let b = 10 - 6. Let g be (-16)/(-3) - (-6)/(-18). Let u(m) = -2*m - 4 + g - 1 - 3. Give u(b).
-11
Let b(p) = -p - 15. Let g be b(-9). Let h be 6/(-9) - 10/g. Let y(c) = c - 1. Determine y(h).
0
Suppose -7*t + 0*t = -2*t. Let g(l) = -l**2 - l - 24. Give g(t).
-24
Let k(z) = z**2 - 8*z + 4. Let j = -22 + 25. Give k(j).
-11
Let p(g) be the first derivative of -2*g + 5/3*g**3 + 2*g**2 + 1/4*g**4 - 1. Determine p(-4).
-2
Let a(j) = -2*j. Let c be a(-3). Let f(t) = -c*t + t + t + t. What is f(-1)?
3
Let i(v) be the first derivative of -v**6/120 + v**5/60 + v**4/24 - v**2 + 2. Let h(x) be the second derivative of i(x). Give h(-1).
1
Let z = -33 + 29. Let w(q) = -3*q - 10. Let j(i) = -1. Suppose -2*g + 9 - 1 = -n, 5*g = -5*n - 10. Let f(y) = n*j(y) + w(y). Give f(z).
6
Let o(s) = -s**2 - 5*s + 4. Let y be 24/32 + 46/(-8). What is o(y)?
4
Let k(o) = -o**3 - 6*o**2 - 6*o - 2. Let x be k(-5). Let w(h) = -h**2 + 6*h + 4. Let c be w(5). Let v(r) = x*r**2 - r**2 + c + r - r**2. Determine v(0).
9
Let y(u) be the first derivative of u**3/3 + 3*u**2/2 + 3*u + 7. Let v be 4/(-1)*9/(-6). Let q(f) = f**3 - 6*f**2 - 3. Let t be q(v). Calculate y(t).
3
Suppose -h - h = -10. Let y(r) = r**3 - 4*r**2 - r + h + r - 3*r. What is y(4)?
-7
Let d(o) = o + 2147 - 2147. Determine d(3).
3
Let i(q) be the third derivative of 1/24*q**4 + 0 + 0*q - 7*q**2 + q**3. Give i(-6).
0
Let r(h) = 4*h**2 + 6*h - 1. Let o(c) = 7*c**2 + 12*c - 2. Let g(m) = -3*o(m) + 5*r(m). Calculate g(-6).
1
Let s(f) = -4*f - 1. Suppose u + u = 8. Suppose -4*y - u = 3*p + 6, -p - 3 = y. Give s(y).
3
Suppose 5*n - 22 = 3. Let r(x) = -x + n + 4 + 0*x - 1. Give r(5).
3
Let l(g) = -g**2 - 5*g - 2. Let c be l(-4). Let o(w) = -9 + 3*w**2 - 2*w**2 - 6*w**c + 6*w**2 - 6*w. Determine o(7).
-2
Let p = 23 + -27. Let s(b) = -2*b - 6. Determine s(p).
2
Let i(z) = -3*z**3 + 8*z**2 - 5*z + 3. Let a(d) = 5*d**3 - 15*d**2 + 10*d - 6. Let h(q) = 4*a(q) + 7*i(q). Give h(-5).
-3
Let u be 2/(0 - 2) - -5. Suppose 0 = 4*p - 7*p + 9. Suppose q = u*a - 16, 3*q - p*a + 3 = -0*a. Let z(r) = -r + 6. Calculate z(q).
2
Let u(w) = -2*w. Let b = 9 + -7. Suppose -b = d - 5. Suppose -d*s - 1 = 5*z, 2*s = 5*z - z + 14. Give u(z).
4
Suppose -8*r + 3 = -7*r. Let q(f) = 3*f + 1. What is q(r)?
10
Let d be (-4)/14 - (-4)/14. Let i(q) = 2*q**3 - 8. Let k(n) = -n**3 + n**2 - n. Let l(t) = -i(t) - k(t). Calculate l(d).
8
Let f(d) = d**3 + 2*d**2 + d. Let q be f(-1). Let v(p) = -p**2 - p - 6. Give v(q).
-6
Let b(v) be the first derivative of -5*v**2/2 + 3*v + 4. What is b(2)?
-7
Suppose -3 + 4 = w. Let d(f) = -6 + 3*f - 4*f + w. Let n = -39 + 36. What is d(n)?
-2
Let i(d) be the third derivative of -d**4/12 - 3*d**3/2 - 6*d**2. Give i(-6).
3
Let s(a) = a**2 + 7*a - 2. Let l = 0 + -5. Give s(l).
-12
Let q(i) be the second derivative of i**3/3 + 9*i**2/2 - 25*i. What is q(-6)?
-3
Let y(b) = -b**3 + 5*b**2 + 5*b - 6. Suppose -4*p + 0*r - r = -22, -5*r + 20 = 5*p. Calculate y(p).
-12
Let x(p) = -p**2 - 5*p - 2. Let y be x(-3). Let u(a) = -4 - a**2 + 4*a + 5 - 2*a. Give u(y).
-7
Let w(u) be the second derivative of -u**6/120 + u**5/30 - u**4/12 + u**3/3 - u**2/2 - u. Let y(j) be the first derivative of w(j). Give y(2).
-2
Let g(o) = -5*o**2 - o - 4. Let b(f) = -4*f**2 - f - 4. Let r(s) = 6*b(s) - 5*g(s). Calculate r(3).
2
Let w(f) = 2*f**2 + 5*f + 3. Let t(q) = -q**2 + 8*q - 1. Let v be t(7). Suppose -a - d + 2 + 5 = 0, 3*a + 2*d = 23. Let u = v - a. Determine w(u).
6
Let f(l) be the first derivative of l**3 - 5*l**2/2 + l - 1. Let g(w) = 0 - 7*w + 7*w**2 + 2 + w**2 - 8*w. Let t(z) = -11*f(z) + 4*g(z). Calculate t(-4).
1
Let a(w) = -w**2 - 3*w + 11. Let t(i) = i**2 + 4*i - 11. Let m(z) = -5*a(z) - 6*t(z). Calculate m(-10).
1
Let o(w) = 2*w**2 - w + 1. Suppose 20 = -5*z + 3*s, 3*z = 3*s - 4 - 14. Let v = z + 2. Give o(v).
2
Let d(l) = 6*l**3 + l**2 - 1. Let s = 2 - 1. Let m be s/(-1*(-1)/(-1)). What is d(m)?
-6
Let o(a) be the third derivative of -a**5/60 + a**4/6 + a**3 + 38*a**2. What is o(7)?
-15
Let m(i) = -i + 7. Let j(r) = -r + 8. Suppose -3*z - 2*z - 30 = 0. Let q(u) = z*m(u) + 5*j(u). What is q(-3)?
-5
Let k(m) = 6*m + 1. Let o(s) be the first derivative of -7*s**2/2 - s - 2. Suppose 4*z - 18 - 6 = 0. Let j(l) = z*k(l) + 5*o(l). Determine j(-5).
-4
Let l(b) = -14 + 115*b + 117*b - 233*b. What is l(0)?
-14
Let a(n) = -8*n - 10. Let m(q) = q + 1. Let p(y) = a(y) + 10*m(y). What is p(-1)?
-2
Let g(j) = -j + 12. Suppose -1 = 4*c + 3*o - 10, -5*c = -4*o - 19. Suppose 0*x = -c*x. What is g(x)?
12
Let y(x) = -x**2 + 3. Let s(u) = 3 + 6 - u**2 - 11*u + 0*u**2. Let g = -42 - -30. Let o be s(g). Calculate y(o).
-6
Let f(l) = 7*l**3 + 5*l**2 + 7. Let k(m) = 6*m**3 + 4*m**2 + 6. Let x(i) = -5*f(i) + 6*k(i). Give x(0).
1
Let q(f) = 1. Let j(l) = -3*l**2 - 18. Let d(x) = j(x) + 18*q(x). What is d(-2)?
-12
Let l(q) be the first derivative of -q - 5/2*q**2 + 2. Give l(-2).
9
Let l(v) = v**3 - 3*v**2 - v - 2. Suppose -5*b + 23 = -17. Suppose -3*q + q + b = 0. What is l(q)?
10
Let v(o) = o**2. Let y(b) = -b. Let l be y(1). Give v(l).
1
Let o(u) = u**2 - 5*u - 6. Let s(q) = q**3 - 9*q**2 + 3*q - 21. Let a be s(9). Calculate o(a).
0
Let f(a) = 2*a + 10. Let m be f(-9). Let b = m - -13. Let d(z) = -z + 2. What is d(b)?
-3
Let k(v) be the third derivative of 11*v**4/24 - 9*v**2. Calculate k(-1).
-11
Suppose -6*k = -k + 3*i, 2*i = 5*k. Let b(r) = r**2 - 12 + k*r**2 + 4 + 0*r**2. Suppose 7*o = 3*o. Determine b(o).
-8
Let i(m) = -3*m**3 + 7*m**2 - 3*m - 10. Let c(u) = -13*u**3 + 28*u**2 - 13*u - 40. Let h(f) = -2*c(f) + 9*i(f). Calculate h(7).
-17
Let m(a) = -4*a - 4. Suppose -5*f - x = 16, 2*f - 5 = -3*x - 14. Let t(v) = 1. Let s(o) = f*t(o) - m(o). Calculate s(-3).
-11
Let i(x) be the third derivative of -1/24*x**4 + 2*x**2 + 0*x - 1/3*x**3 + 1/60*x**5 + 0. Calculate i(3).
4
Suppose -1 = -p - 4*j - 10, 4*p + 17 = 3*j. Let h(f) be the second derivative of 2*f + 1/2*f**3 + 3*f**2 + 0. What is h(p)?
-9
Let b(a) = 4*a**3 + 2*a**2 - 2*a + 0 + 3 - 1. Let p(l) = l + 6 + 0*l - 5*l**3 - 7 - l**2 + 0. Let h(v) = -6*b(v) - 5*p(v). Determine h(6).
-1
Let d(k) = -7 - 6*k - 3*k - 5*k + 11*k. Let b(y) = y**3 - 13*y**2 + 13*y - 17. Let q be b(12). What is d(q)?
8
Let y(m) be the second derivative of -m**5/20 + m**4/3 - m**3/6 - m**2/2 + m. Let b(z) = 9*z + 22. Let j be b(-2). Give y(j).
-5
Suppose -2*i + 0*i - 2 = 0. Let t(j) = j**2 - 1. Determine t(i).
0
Suppose -3*l + 12 = l. Suppose -2*r = -1 - l. Let j(f) = 5*f**2 - 1 - 4*f**3 - 4*f**2 + 2*f - r*f**2. D